j(-4). Suppose s + 2*v - 11 = -3*v, 10 = 5*v. Calculate the greatest common divisor of o and s.
1
Suppose 0 = b - 9 - 17. Calculate the greatest common divisor of b and 13.
13
Let t be -2 + (-2 - (-95 + 3)). What is the greatest common divisor of t and 8?
8
Let l be 132/16 + 6/8. Suppose 0 = -5*w + l*w. Suppose w*g - 55 = -4*x + 5*g, 0 = -x - 2*g + 4. Calculate the greatest common divisor of 15 and x.
5
Let z(r) = r**3 + 6*r**2 - 7*r + 6. Let u be z(-7). Suppose 4*q = 19 - 59. Let f(g) = -3*g + 6. Let v be f(q). What is the highest common divisor of u and v?
6
Suppose 0*j = -5*v - 3*j + 1264, -765 = -3*v - 4*j. Let h = -141 + v. Calculate the greatest common divisor of h and 10.
10
Suppose 18 = j - 54. What is the highest common divisor of 18 and j?
18
Suppose -4*c + 5*c + 138 = 0. Let j = 194 + c. Suppose 0 = -2*w - 2 + 18. What is the highest common divisor of j and w?
8
Let w = -9 + 14. Suppose -18 + 88 = w*v. Suppose -4*c = -0*t + 5*t - 84, -4*t + 84 = 4*c. Calculate the highest common factor of c and v.
7
Let w = -335 + 347. Let q = 7 - 1. Let p = q - 2. What is the highest common factor of w and p?
4
Let k be -1*((-6)/3 - -2). Suppose k = 3*x - 0*x - 15. Calculate the greatest common factor of 1 and x.
1
Let g = 74 - 53. What is the highest common divisor of 105 and g?
21
Let z(a) = 2*a**2 - a - 3. Let u be z(-2). Suppose -u*o = -2*o - 75. Calculate the greatest common divisor of o and 10.
5
Suppose 88 = 2*v + 2*v. Let w = v - 5. What is the highest common divisor of 68 and w?
17
Suppose 15 = -3*n - 2*n. Let v be (-129)/(-12) + n/(-12). What is the greatest common divisor of v and 121?
11
Let i = 32 - 0. Calculate the greatest common divisor of i and 80.
16
Suppose -5*x = -10, -4*o = x - 38 - 44. Let y(f) = -1 + f - 4*f + 3. Let z be y(-2). Calculate the highest common divisor of z and o.
4
Let v(c) = c - 8. Let p be v(6). Let t(r) = -3*r**3 - r**2 - 2*r - 3. Let k be t(p). Let f be (70/3)/(16/72). Calculate the highest common divisor of k and f.
21
Suppose 2*c = -0*c + 10. Let g = c - 2. Suppose -3*k + 40 = l, -k - g*l - 5 = l. Calculate the greatest common factor of 3 and k.
3
Let f = -25 + 59. What is the greatest common factor of f and 238?
34
Let n(w) = w**3 - 6*w**2 + 11*w - 14. Let l be n(6). Calculate the greatest common factor of l and 78.
26
Let r(k) = -2*k - 1. Let z be r(-1). Let m be (-5 - z)*(-12)/24. What is the greatest common divisor of m and 9?
3
Let z = -25 - -74. What is the greatest common divisor of z and 7?
7
Suppose 3 = p - 0. Suppose -i + 3*i - 4*k - 2 = 0, -2*i = -3*k - p. Calculate the greatest common divisor of 2 and i.
1
Suppose 5*f - 47 + 2 = 0. Let m(w) = 9*w - 11. Let b be m(f). What is the greatest common divisor of b and 14?
14
Let i(d) = 2*d**2 - 5*d - 9. Let n be i(4). Let v = 78 - 18. Suppose 0 = -0*y + 5*y - v. Calculate the greatest common divisor of y and n.
3
Let p be 37/7 + (-6)/21. Let b = -2 - -17. What is the highest common divisor of b and p?
5
Let z(y) = y**2 + 5*y - 11. Let o be z(-8). What is the greatest common factor of 52 and o?
13
Let i be (-8)/36 - (-32)/(-18). Let u = i - -4. Suppose 0 = -u*a - a + 33. What is the greatest common divisor of a and 99?
11
Let c = -176 + 200. Suppose 0 = -4*p + p + 360. What is the greatest common divisor of c and p?
24
Let y be ((-2)/(-4))/(2/16). Suppose -2*c = -y*i + 3*c + 68, -3*i = c - 32. Calculate the highest common divisor of i and 48.
12
Let t(u) = -u**3 + 6*u**2 - 6*u + 11. Let a be t(5). Calculate the highest common factor of 114 and a.
6
Let s(z) = 13*z - 1. Let n be s(1). Suppose u - 2*p = 2*p - 11, -4*p - 7 = 5*u. Let j be u/(-1) + 6 + 51. Calculate the highest common divisor of n and j.
12
Let j be 0/3*-1 + 9. Let s(i) = i**3 - 10*i**2 + 9*i + 12. Let u be s(j). Let w = 22 - u. What is the highest common factor of 50 and w?
10
Suppose 35*s + 39 = 36*s. What is the greatest common factor of 351 and s?
39
Let f = 63 + -46. Calculate the greatest common divisor of f and 136.
17
Let j(r) = -r**3 + 7*r**2 - 6*r + 6. Let u be j(6). Let x(l) = 17*l - 14. Let g be x(u). Calculate the greatest common divisor of g and 8.
8
Let p(v) = v + 4. Let k be p(-8). Let h(b) = -5*b + 4. Let m be h(k). Let f be m/(-9)*-9*2. What is the greatest common divisor of f and 6?
6
Suppose i + 5 - 35 = 0. What is the greatest common factor of i and 10?
10
Let o = 127 + -87. What is the highest common divisor of 160 and o?
40
Let c be (-8 - (-2)/(-2))*-1. Let s(j) = -j + 26. Let n(o) = 5. Let f(r) = -11*n(r) + 2*s(r). Let a be f(-3). What is the highest common divisor of c and a?
3
Let h = 94 + -64. Calculate the greatest common factor of 150 and h.
30
Let s = 31 + -19. Let r be (160/12)/((-4)/(-18)). Calculate the highest common divisor of r and s.
12
Let v be (-33 - (-3)/1) + 1. Let c = 41 + v. Calculate the greatest common factor of 24 and c.
12
Suppose -3*d = 2*h - 6*d + 2, -2*h + 2*d = -2. Let g = -3 + 18. What is the greatest common factor of g and h?
5
Suppose 0 = -2*a - 42 + 12. Let j be a*(-3 - (-1 - 1)). What is the greatest common factor of j and 135?
15
Let b be 2/8 - 78/(-8). Let k be 2*6 - (2/(-2) - 2). What is the highest common divisor of b and k?
5
Let h be (-348)/(-22) - (-2)/11. Suppose 0 = -4*s + 220 - 28. What is the highest common factor of h and s?
16
Let y = -6 - -13. Calculate the highest common factor of 56 and y.
7
Let l be (-2)/(-4)*-2 + -2 + 35. What is the greatest common divisor of l and 8?
8
Suppose -7*z = -15 - 97. What is the highest common divisor of 144 and z?
16
Let u = 38 - 10. What is the greatest common divisor of 7 and u?
7
Let q be (19/4)/(2/24). Suppose -2*n + 6 + 32 = 0. What is the highest common divisor of q and n?
19
Suppose 34 = 3*k - 116. Suppose -9 + k = 3*s + 2*y, 0 = -s - 2*y + 11. Let q = s - -29. Calculate the greatest common divisor of q and 11.
11
Suppose 2 = 5*t - 3. Let o be 27*t*(-8)/(-12). What is the greatest common factor of 9 and o?
9
Suppose 0 = z - 14 + 7. Let q(t) = t**2 + t - 2*t - 1 - 9*t**3 + 0. Let w be q(-2). What is the highest common factor of z and w?
7
Let j be 4/3 + 5/3. Let w be (j + -1 - 1)*81. Calculate the greatest common factor of w and 9.
9
Let b be (-2)/6 + 20/6. Suppose 0 = -0*l + 2*l - 2*c - 8, 2*l = 4*c + 10. Let q = l + b. Calculate the highest common factor of 6 and q.
6
Let n(i) = i**2 + i. Let d be n(-2). Let f(b) = b**3 - 2*b**2 + 2*b - 2. Let r be f(d). Calculate the highest common factor of 12 and r.
2
Suppose 49 + 7 = 4*h. Calculate the highest common divisor of 70 and h.
14
Let g(p) = 2*p**3 - 3*p**2. Let s be g(2). Suppose -s*j + 4 = 0, -9 + 0 = 3*f - 3*j. Let h be ((-8)/3)/(f/27). What is the greatest common factor of 4 and h?
4
Suppose m = 6*m - 560. Calculate the greatest common factor of m and 16.
16
Suppose 3*q = 3*a + 18, 3 + 8 = 4*a + 3*q. Let j be ((-10)/(-3))/(a/(-3)). Calculate the greatest common divisor of 50 and j.
10
Suppose -3*q + 93 = -75. Suppose -q = -5*r + 29. Suppose -4*a - 216 = -2*u, 0*u = -2*u + 2*a + 210. Calculate the greatest common factor of u and r.
17
Suppose 3*s + m = 44, -2*s - 32 = -4*s - 2*m. Calculate the greatest common factor of s and 21.
7
Let i(r) = -r**2 + 10*r + 11. Let j be i(10). Let l = j - 7. Suppose -3*c + 8 = -g - l, -3*c = g - 18. What is the greatest common divisor of 25 and c?
5
Let j = 3 - -1. What is the greatest common divisor of 32 and j?
4
Let n = -13 - -55. Calculate the highest common factor of n and 28.
14
Suppose -5*y - 204 = -4*f + 136, 2*f - y = 164. Suppose -64 = 2*n - 4*n. What is the highest common factor of n and f?
16
Let c be (-4)/16 + 289/4. Let t = c + 83. What is the greatest common divisor of t and 31?
31
Let g = 27 + 9. What is the greatest common divisor of 18 and g?
18
Let x be ((-6)/1)/(2/(-4)). Suppose 3*j - 3*f + x = j, 2*f = -5*j - 30. Let g be (-3)/j + (-87)/(-6). What is the greatest common divisor of g and 165?
15
Let r(b) = -8*b - 1 + 9*b + b**2 - 1. Let w be r(-4). Suppose -2*x + 250 - 708 = -5*t, 254 = 3*t + 4*x. Calculate the greatest common factor of t and w.
10
Let f be ((-4)/(-4))/(2/(-26)). Let u(d) = d**3 + 12*d**2 - 14*d + 5. Let p be u(f). Calculate the highest common divisor of 9 and p.
9
Let l be (-304)/(-6) - 14/21. What is the highest common divisor of 25 and l?
25
Let w = 139